[INFO] fetching crate minrs 0.4.1...
[INFO] checking minrs-0.4.1 against try#72f88fc4e9458f89516a0b8b0868f3718aec5b47 for pr-74989
[INFO] extracting crate minrs 0.4.1 into /workspace/builds/worker-9/source
[INFO] validating manifest of crates.io crate minrs 0.4.1 on toolchain 72f88fc4e9458f89516a0b8b0868f3718aec5b47
[INFO] running `Command { std: "/workspace/cargo-home/bin/cargo" "+72f88fc4e9458f89516a0b8b0868f3718aec5b47" "read-manifest" "--manifest-path" "Cargo.toml", kill_on_drop: false }`
[INFO] started tweaking crates.io crate minrs 0.4.1
[INFO] finished tweaking crates.io crate minrs 0.4.1
[INFO] tweaked toml for crates.io crate minrs 0.4.1 written to /workspace/builds/worker-9/source/Cargo.toml
[INFO] running `Command { std: "/workspace/cargo-home/bin/cargo" "+72f88fc4e9458f89516a0b8b0868f3718aec5b47" "generate-lockfile" "--manifest-path" "Cargo.toml" "-Zno-index-update", kill_on_drop: false }`
[INFO] running `Command { std: "/workspace/cargo-home/bin/cargo" "+72f88fc4e9458f89516a0b8b0868f3718aec5b47" "fetch" "--locked" "--manifest-path" "Cargo.toml", kill_on_drop: false }`
[INFO] [stderr]  Downloading crates ...
[INFO] [stderr]   Downloaded rusttype v0.8.3
[INFO] [stderr]   Downloaded android_log-sys v0.1.2
[INFO] [stderr]   Downloaded glutin_wgl_sys v0.1.5
[INFO] [stderr]   Downloaded glutin_egl_sys v0.1.5
[INFO] [stderr]   Downloaded cocoa v0.20.2
[INFO] [stderr]   Downloaded docopt v0.6.86
[INFO] [stderr]   Downloaded ndk v0.1.0
[INFO] [stderr]   Downloaded ndk-sys v0.1.0
[INFO] [stderr]   Downloaded glutin_glx_sys v0.1.7
[INFO] [stderr]   Downloaded wayland-protocols v0.23.6
[INFO] [stderr]   Downloaded stb_truetype v0.3.1
[INFO] [stderr]   Downloaded andrew v0.2.1
[INFO] [stderr]   Downloaded ordered-float v1.1.0
[INFO] [stderr]   Downloaded smithay-client-toolkit v0.6.6
[INFO] [stderr]   Downloaded wayland-commons v0.23.6
[INFO] [stderr]   Downloaded cgl v0.3.2
[INFO] [stderr]   Downloaded glutin_emscripten_sys v0.1.1
[INFO] [stderr]   Downloaded strsim v0.5.2
[INFO] [stderr]   Downloaded dispatch v0.2.0
[INFO] [stderr]   Downloaded core-video-sys v0.1.4
[INFO] [stderr]   Downloaded jni-sys v0.3.0
[INFO] [stderr]   Downloaded num_enum_derive v0.4.3
[INFO] [stderr]   Downloaded line_drawing v0.7.0
[INFO] [stderr]   Downloaded glutin_gles2_sys v0.1.5
[INFO] [stderr]   Downloaded core-graphics v0.19.2
[INFO] [stderr]   Downloaded derivative v2.1.1
[INFO] [stderr]   Downloaded wayland-client v0.23.6
[INFO] [stderr]   Downloaded glutin v0.24.1
[INFO] [stderr]   Downloaded glium v0.27.0
[INFO] [stderr]   Downloaded calloop v0.4.4
[INFO] [stderr]   Downloaded wayland-scanner v0.23.6
[INFO] [stderr]   Downloaded wayland-sys v0.23.6
[INFO] [stderr]   Downloaded takeable-option v0.5.0
[INFO] [stderr]   Downloaded num_enum v0.4.3
[INFO] [stderr]   Downloaded winit v0.22.2
[INFO] [stderr]   Downloaded rusttype v0.7.9
[INFO] [stderr]   Downloaded ndk-glue v0.1.0
[INFO] running `Command { std: "docker" "create" "-v" "/var/lib/crater-agent-workspace/builds/worker-9/target:/opt/rustwide/target:rw,Z" "-v" "/var/lib/crater-agent-workspace/builds/worker-9/source:/opt/rustwide/workdir:ro,Z" "-v" "/var/lib/crater-agent-workspace/cargo-home:/opt/rustwide/cargo-home:ro,Z" "-v" "/var/lib/crater-agent-workspace/rustup-home:/opt/rustwide/rustup-home:ro,Z" "-e" "SOURCE_DIR=/opt/rustwide/workdir" "-e" "CARGO_TARGET_DIR=/opt/rustwide/target" "-e" "CARGO_HOME=/opt/rustwide/cargo-home" "-e" "RUSTUP_HOME=/opt/rustwide/rustup-home" "-w" "/opt/rustwide/workdir" "-m" "1610612736" "--user" "0:0" "--network" "none" "rustops/crates-build-env@sha256:d92eaeed33fa75130ca1ee6c8a01d1ffb62bac859dfdfb3450e3e5d1c0146529" "/opt/rustwide/cargo-home/bin/cargo" "+72f88fc4e9458f89516a0b8b0868f3718aec5b47" "metadata" "--no-deps" "--format-version=1", kill_on_drop: false }`
[INFO] [stderr] WARNING: Your kernel does not support swap limit capabilities or the cgroup is not mounted. Memory limited without swap.
[INFO] [stdout] 61462f0290968ed56bea970e6bd438b7d5d3d71858733d2004b2dd197dd13b52
[INFO] running `Command { std: "docker" "start" "-a" "61462f0290968ed56bea970e6bd438b7d5d3d71858733d2004b2dd197dd13b52", kill_on_drop: false }`
[INFO] running `Command { std: "docker" "inspect" "61462f0290968ed56bea970e6bd438b7d5d3d71858733d2004b2dd197dd13b52", kill_on_drop: false }`
[INFO] running `Command { std: "docker" "rm" "-f" "61462f0290968ed56bea970e6bd438b7d5d3d71858733d2004b2dd197dd13b52", kill_on_drop: false }`
[INFO] [stdout] 61462f0290968ed56bea970e6bd438b7d5d3d71858733d2004b2dd197dd13b52
[INFO] running `Command { std: "docker" "create" "-v" "/var/lib/crater-agent-workspace/builds/worker-9/target:/opt/rustwide/target:rw,Z" "-v" "/var/lib/crater-agent-workspace/builds/worker-9/source:/opt/rustwide/workdir:ro,Z" "-v" "/var/lib/crater-agent-workspace/cargo-home:/opt/rustwide/cargo-home:ro,Z" "-v" "/var/lib/crater-agent-workspace/rustup-home:/opt/rustwide/rustup-home:ro,Z" "-e" "SOURCE_DIR=/opt/rustwide/workdir" "-e" "CARGO_TARGET_DIR=/opt/rustwide/target" "-e" "CARGO_INCREMENTAL=0" "-e" "RUST_BACKTRACE=full" "-e" "RUSTFLAGS=--cap-lints=forbid" "-e" "CARGO_HOME=/opt/rustwide/cargo-home" "-e" "RUSTUP_HOME=/opt/rustwide/rustup-home" "-w" "/opt/rustwide/workdir" "-m" "1610612736" "--user" "0:0" "--network" "none" "rustops/crates-build-env@sha256:d92eaeed33fa75130ca1ee6c8a01d1ffb62bac859dfdfb3450e3e5d1c0146529" "/opt/rustwide/cargo-home/bin/cargo" "+72f88fc4e9458f89516a0b8b0868f3718aec5b47" "check" "--frozen" "--all" "--all-targets" "--message-format=json", kill_on_drop: false }`
[INFO] [stderr] WARNING: Your kernel does not support swap limit capabilities or the cgroup is not mounted. Memory limited without swap.
[INFO] [stdout] 214eb17d391a22ba8ca4ef1b8e83364fef049ffe4d75dc04fc986894efe23344
[INFO] running `Command { std: "docker" "start" "-a" "214eb17d391a22ba8ca4ef1b8e83364fef049ffe4d75dc04fc986894efe23344", kill_on_drop: false }`
[INFO] [stderr]    Compiling libc v0.2.77
[INFO] [stderr]    Compiling log v0.4.11
[INFO] [stderr]    Compiling proc-macro2 v0.4.30
[INFO] [stderr]    Compiling unicode-xid v0.1.0
[INFO] [stderr]    Compiling bitflags v1.2.1
[INFO] [stderr]     Checking lazycell v1.3.0
[INFO] [stderr]    Compiling winapi-build v0.1.1
[INFO] [stderr]     Checking winapi v0.2.8
[INFO] [stderr]     Checking xdg v2.2.0
[INFO] [stderr]     Checking utf8-ranges v0.1.3
[INFO] [stderr]     Checking regex-syntax v0.3.9
[INFO] [stderr]     Checking lazy_static v0.2.11
[INFO] [stderr]     Checking takeable-option v0.5.0
[INFO] [stderr]    Compiling x11-dl v2.18.5
[INFO] [stderr]    Compiling libloading v0.5.2
[INFO] [stderr]     Checking libloading v0.6.3
[INFO] [stderr]     Checking approx v0.3.2
[INFO] [stderr]     Checking ordered-float v1.1.0
[INFO] [stderr]     Checking line_drawing v0.7.0
[INFO] [stderr]    Compiling kernel32-sys v0.2.2
[INFO] [stderr]     Checking dlib v0.4.2
[INFO] [stderr]     Checking wayland-sys v0.23.6
[INFO] [stderr]     Checking rusttype v0.8.3
[INFO] [stderr]    Compiling gl_generator v0.14.0
[INFO] [stderr]     Checking rusttype v0.7.9
[INFO] [stderr]     Checking andrew v0.2.1
[INFO] [stderr]    Compiling quote v0.6.13
[INFO] [stderr]    Compiling wayland-scanner v0.23.6
[INFO] [stderr]     Checking net2 v0.2.35
[INFO] [stderr]     Checking iovec v0.1.4
[INFO] [stderr]     Checking nix v0.14.1
[INFO] [stderr]     Checking memmap v0.7.0
[INFO] [stderr]     Checking parking_lot_core v0.7.2
[INFO] [stderr]     Checking raw-window-handle v0.3.3
[INFO] [stderr]     Checking memchr v0.1.11
[INFO] [stderr]     Checking thread-id v2.0.0
[INFO] [stderr]     Checking shared_library v0.1.9
[INFO] [stderr]     Checking backtrace v0.3.50
[INFO] [stderr]     Checking thread_local v0.2.7
[INFO] [stderr]     Checking aho-corasick v0.5.3
[INFO] [stderr]     Checking osmesa-sys v0.1.2
[INFO] [stderr]     Checking mio v0.6.22
[INFO] [stderr]     Checking parking_lot v0.10.2
[INFO] [stderr]     Checking regex v0.1.80
[INFO] [stderr]    Compiling glutin_glx_sys v0.1.7
[INFO] [stderr]    Compiling glutin_egl_sys v0.1.5
[INFO] [stderr]    Compiling glium v0.27.0
[INFO] [stderr]     Checking mio-extras v2.0.6
[INFO] [stderr]     Checking docopt v0.6.86
[INFO] [stderr]    Compiling wayland-client v0.23.6
[INFO] [stderr]    Compiling wayland-protocols v0.23.6
[INFO] [stderr]     Checking wayland-commons v0.23.6
[INFO] [stderr]     Checking calloop v0.4.4
[INFO] [stderr]     Checking smithay-client-toolkit v0.6.6
[INFO] [stderr]     Checking winit v0.22.2
[INFO] [stderr]     Checking glutin v0.24.1
[INFO] [stderr]     Checking minrs v0.4.1 (/opt/rustwide/workdir)
[INFO] [stdout] error[E0432]: unresolved import `glium::DisplayBuild`
[INFO] [stdout]   --> examples/bw_2d.rs:37:17
[INFO] [stdout]    |
[INFO] [stdout] 37 |     use glium::{DisplayBuild, Surface};
[INFO] [stdout]    |                 ^^^^^^^^^^^^ no `DisplayBuild` in the root
[INFO] [stdout] 
[INFO] [stdout] 
[INFO] [stdout] error[E0432]: unresolved import `glium::glutin::VirtualKeyCode`
[INFO] [stdout]   --> examples/bw_2d.rs:92:17
[INFO] [stdout]    |
[INFO] [stdout] 92 |             use glium::glutin::VirtualKeyCode;
[INFO] [stdout]    |                 ^^^^^^^^^^^^^^^^^^^^^^^^^^^^^ no `VirtualKeyCode` in `glutin`
[INFO] [stdout] 
[INFO] [stdout] 
[INFO] [stdout] error[E0432]: unresolved import `glium::DisplayBuild`
[INFO] [stdout]   --> examples/four_2d.rs:37:17
[INFO] [stdout]    |
[INFO] [stdout] 37 |     use glium::{DisplayBuild, Surface};
[INFO] [stdout]    |                 ^^^^^^^^^^^^ no `DisplayBuild` in the root
[INFO] [stdout] 
[INFO] [stdout] 
[INFO] [stdout] error[E0432]: unresolved import `glium::glutin::VirtualKeyCode`
[INFO] [stdout]   --> examples/four_2d.rs:92:17
[INFO] [stdout]    |
[INFO] [stdout] 92 |             use glium::glutin::VirtualKeyCode;
[INFO] [stdout]    |                 ^^^^^^^^^^^^^^^^^^^^^^^^^^^^^ no `VirtualKeyCode` in `glutin`
[INFO] [stdout] 
[INFO] [stdout] 
[INFO] [stdout] error[E0432]: unresolved import `glium::DisplayBuild`
[INFO] [stdout]   --> src/main.rs:45:25
[INFO] [stdout]    |
[INFO] [stdout] 45 |             use glium::{DisplayBuild, Surface};
[INFO] [stdout]    |                         ^^^^^^^^^^^^ no `DisplayBuild` in the root
[INFO] [stdout] 
[INFO] [stdout] 
[INFO] [stdout] error[E0433]: failed to resolve: could not find `Event` in `glutin`
[INFO] [stdout]   --> examples/bw_2d.rs:94:32
[INFO] [stdout]    |
[INFO] [stdout] 94 |                 glium::glutin::Event::Closed => return,
[INFO] [stdout]    |                                ^^^^^ could not find `Event` in `glutin`
[INFO] [stdout] 
[INFO] [stdout] 
[INFO] [stdout] error[E0432]: unresolved import `glium::DisplayBuild`
[INFO] [stdout]   --> src/main.rs:45:25
[INFO] [stdout]    |
[INFO] [stdout] 45 |             use glium::{DisplayBuild, Surface};
[INFO] [stdout]    |                         ^^^^^^^^^^^^ no `DisplayBuild` in the root
[INFO] [stdout] 
[INFO] [stdout] 
[INFO] [stdout] error[E0432]: unresolved import `glium::glutin::VirtualKeyCode`
[INFO] [stdout]    --> src/main.rs:129:25
[INFO] [stdout]     |
[INFO] [stdout] 129 |                     use glium::glutin::VirtualKeyCode;
[INFO] [stdout]     |                         ^^^^^^^^^^^^^^^^^^^^^^^^^^^^^ no `VirtualKeyCode` in `glutin`
[INFO] [stdout] 
[INFO] [stdout] 
[INFO] [stdout] error[E0433]: failed to resolve: could not find `Event` in `glutin`
[INFO] [stdout]   --> examples/bw_2d.rs:95:32
[INFO] [stdout]    |
[INFO] [stdout] 95 |                 glium::glutin::Event::KeyboardInput(glium::glutin::ElementState::Released, _, Some(VirtualKeyCode::Escape)) => return,
[INFO] [stdout]    |                                ^^^^^ could not find `Event` in `glutin`
[INFO] [stdout] 
[INFO] [stdout] 
[INFO] [stdout] error[E0433]: failed to resolve: could not find `ElementState` in `glutin`
[INFO] [stdout]   --> examples/bw_2d.rs:95:68
[INFO] [stdout]    |
[INFO] [stdout] 95 |                 glium::glutin::Event::KeyboardInput(glium::glutin::ElementState::Released, _, Some(VirtualKeyCode::Escape)) => return,
[INFO] [stdout]    |                                                                    ^^^^^^^^^^^^ could not find `ElementState` in `glutin`
[INFO] [stdout] 
[INFO] [stdout] 
[INFO] [stdout] error[E0433]: failed to resolve: could not find `WindowBuilder` in `glutin`
[INFO] [stdout]   --> examples/bw_2d.rs:38:34
[INFO] [stdout]    |
[INFO] [stdout] 38 |     let display = glium::glutin::WindowBuilder::new()
[INFO] [stdout]    |                                  ^^^^^^^^^^^^^ not found in `glium::glutin`
[INFO] [stdout]    |
[INFO] [stdout] help: consider importing this struct
[INFO] [stdout]    |
[INFO] [stdout] 7  | use glium::glutin::window::WindowBuilder;
[INFO] [stdout]    |
[INFO] [stdout] 
[INFO] [stdout] 
[INFO] [stdout] warning: use of deprecated macro `try`: use the `?` operator instead
[INFO] [stdout]    --> examples/bw_2d.rs:116:13
[INFO] [stdout]     |
[INFO] [stdout] 116 |     let f = try!(std::fs::File::open(path).map_err(LoadError::Io));
[INFO] [stdout]     |             ^^^
[INFO] [stdout]     |
[INFO] [stdout]     = note: `#[warn(deprecated)]` on by default
[INFO] [stdout] 
[INFO] [stdout] 
[INFO] [stdout] warning: use of deprecated macro `try`: use the `?` operator instead
[INFO] [stdout]    --> examples/bw_2d.rs:119:22
[INFO] [stdout]     |
[INFO] [stdout] 119 |     let bytes_read = try!(handle.read_to_end(&mut buffer).map_err(LoadError::Io));
[INFO] [stdout]     |                      ^^^
[INFO] [stdout] 
[INFO] [stdout] 
[INFO] [stdout] warning: use of deprecated macro `try`: use the `?` operator instead
[INFO] [stdout]    --> examples/bw_2d.rs:130:19
[INFO] [stdout]     |
[INFO] [stdout] 130 |     let texture = try!(glium::texture::DepthTexture2d::with_format(display, buffers,
[INFO] [stdout]     |                   ^^^
[INFO] [stdout] 
[INFO] [stdout] 
[INFO] [stdout] error[E0432]: unresolved import `glium::DisplayBuild`
[INFO] [stdout]   --> examples/detail_2d.rs:43:25
[INFO] [stdout]    |
[INFO] [stdout] 43 |             use glium::{DisplayBuild, Surface};
[INFO] [stdout]    |                         ^^^^^^^^^^^^ no `DisplayBuild` in the root
[INFO] [stdout] 
[INFO] [stdout] 
[INFO] [stdout] error[E0432]: unresolved import `glium::glutin::VirtualKeyCode`
[INFO] [stdout]    --> examples/detail_2d.rs:100:25
[INFO] [stdout]     |
[INFO] [stdout] 100 |                     use glium::glutin::VirtualKeyCode;
[INFO] [stdout]     |                         ^^^^^^^^^^^^^^^^^^^^^^^^^^^^^ no `VirtualKeyCode` in `glutin`
[INFO] [stdout] 
[INFO] [stdout] 
[INFO] [stdout] error[E0432]: unresolved import `glium::glutin::VirtualKeyCode`
[INFO] [stdout]    --> src/main.rs:129:25
[INFO] [stdout]     |
[INFO] [stdout] 129 |                     use glium::glutin::VirtualKeyCode;
[INFO] [stdout]     |                         ^^^^^^^^^^^^^^^^^^^^^^^^^^^^^ no `VirtualKeyCode` in `glutin`
[INFO] [stdout] 
[INFO] [stdout] 
[INFO] [stdout] error[E0433]: failed to resolve: could not find `Event` in `glutin`
[INFO] [stdout]   --> examples/four_2d.rs:94:32
[INFO] [stdout]    |
[INFO] [stdout] 94 |                 glium::glutin::Event::Closed => return,
[INFO] [stdout]    |                                ^^^^^ could not find `Event` in `glutin`
[INFO] [stdout] 
[INFO] [stdout] 
[INFO] [stdout] error[E0433]: failed to resolve: could not find `Event` in `glutin`
[INFO] [stdout]   --> examples/four_2d.rs:95:32
[INFO] [stdout]    |
[INFO] [stdout] 95 |                 glium::glutin::Event::KeyboardInput(glium::glutin::ElementState::Released, _, Some(VirtualKeyCode::Escape)) => return,
[INFO] [stdout]    |                                ^^^^^ could not find `Event` in `glutin`
[INFO] [stdout] 
[INFO] [stdout] 
[INFO] [stdout] error[E0433]: failed to resolve: could not find `ElementState` in `glutin`
[INFO] [stdout]   --> examples/four_2d.rs:95:68
[INFO] [stdout]    |
[INFO] [stdout] 95 |                 glium::glutin::Event::KeyboardInput(glium::glutin::ElementState::Released, _, Some(VirtualKeyCode::Escape)) => return,
[INFO] [stdout]    |                                                                    ^^^^^^^^^^^^ could not find `ElementState` in `glutin`
[INFO] [stdout] 
[INFO] [stdout] 
[INFO] [stdout] error[E0433]: failed to resolve: could not find `WindowBuilder` in `glutin`
[INFO] [stdout]   --> examples/four_2d.rs:38:34
[INFO] [stdout]    |
[INFO] [stdout] 38 |     let display = glium::glutin::WindowBuilder::new()
[INFO] [stdout]    |                                  ^^^^^^^^^^^^^ not found in `glium::glutin`
[INFO] [stdout]    |
[INFO] [stdout] help: consider importing this struct
[INFO] [stdout]    |
[INFO] [stdout] 7  | use glium::glutin::window::WindowBuilder;
[INFO] [stdout]    |
[INFO] [stdout] 
[INFO] [stdout] 
[INFO] [stdout] warning: use of deprecated macro `try`: use the `?` operator instead
[INFO] [stdout]    --> examples/four_2d.rs:116:13
[INFO] [stdout]     |
[INFO] [stdout] 116 |     let f = try!(std::fs::File::open(path).map_err(LoadError::Io));
[INFO] [stdout]     |             ^^^
[INFO] [stdout]     |
[INFO] [stdout]     = note: `#[warn(deprecated)]` on by default
[INFO] [stdout] 
[INFO] [stdout] 
[INFO] [stdout] warning: use of deprecated macro `try`: use the `?` operator instead
[INFO] [stdout]    --> examples/four_2d.rs:119:22
[INFO] [stdout]     |
[INFO] [stdout] 119 |     let bytes_read = try!(handle.read_to_end(&mut buffer).map_err(LoadError::Io));
[INFO] [stdout]     |                      ^^^
[INFO] [stdout] 
[INFO] [stdout] 
[INFO] [stdout] error[E0433]: failed to resolve: could not find `Event` in `glutin`
[INFO] [stdout]    --> src/main.rs:131:40
[INFO] [stdout]     |
[INFO] [stdout] 131 |                         glium::glutin::Event::Closed => return,
[INFO] [stdout]     |                                        ^^^^^ could not find `Event` in `glutin`
[INFO] [stdout] 
[INFO] [stdout] 
[INFO] [stdout] warning: use of deprecated macro `try`: use the `?` operator instead
[INFO] [stdout]    --> examples/four_2d.rs:130:19
[INFO] [stdout]     |
[INFO] [stdout] 130 |     let texture = try!(glium::texture::DepthTexture2d::with_format(display, buffers,
[INFO] [stdout]     |                   ^^^
[INFO] [stdout] 
[INFO] [stdout] 
[INFO] [stdout] error[E0433]: failed to resolve: could not find `Event` in `glutin`
[INFO] [stdout]    --> src/main.rs:132:40
[INFO] [stdout]     |
[INFO] [stdout] 132 | ...   glium::glutin::Event::KeyboardInput(glium::glutin::ElementState::Released, _, Some(VirtualKeyCode::Escape)) => return,
[INFO] [stdout]     |                      ^^^^^ could not find `Event` in `glutin`
[INFO] [stdout] 
[INFO] [stdout] 
[INFO] [stdout] error[E0433]: failed to resolve: could not find `ElementState` in `glutin`
[INFO] [stdout]    --> src/main.rs:132:76
[INFO] [stdout]     |
[INFO] [stdout] 132 | ...   glium::glutin::Event::KeyboardInput(glium::glutin::ElementState::Released, _, Some(VirtualKeyCode::Escape)) => return,
[INFO] [stdout]     |                                                          ^^^^^^^^^^^^ could not find `ElementState` in `glutin`
[INFO] [stdout] 
[INFO] [stdout] 
[INFO] [stdout] error[E0433]: failed to resolve: could not find `WindowBuilder` in `glutin`
[INFO] [stdout]   --> src/main.rs:46:42
[INFO] [stdout]    |
[INFO] [stdout] 46 |             let display = glium::glutin::WindowBuilder::new()
[INFO] [stdout]    |                                          ^^^^^^^^^^^^^ not found in `glium::glutin`
[INFO] [stdout]    |
[INFO] [stdout] help: consider importing this struct
[INFO] [stdout]    |
[INFO] [stdout] 7  | use glium::glutin::window::WindowBuilder;
[INFO] [stdout]    |
[INFO] [stdout] 
[INFO] [stdout] 
[INFO] [stdout] warning: use of deprecated macro `try`: use the `?` operator instead
[INFO] [stdout]    --> src/main.rs:155:13
[INFO] [stdout]     |
[INFO] [stdout] 155 |     let f = try!(std::fs::File::open(path).map_err(LoadError::Io));
[INFO] [stdout]     |             ^^^
[INFO] [stdout]     |
[INFO] [stdout]     = note: `#[warn(deprecated)]` on by default
[INFO] [stdout] 
[INFO] [stdout] 
[INFO] [stdout] warning: use of deprecated macro `try`: use the `?` operator instead
[INFO] [stdout]    --> src/main.rs:158:22
[INFO] [stdout]     |
[INFO] [stdout] 158 |     let bytes_read = try!(chunk.read_to_end(&mut buffer).map_err(LoadError::Io)) as u32;
[INFO] [stdout]     |                      ^^^
[INFO] [stdout] 
[INFO] [stdout] 
[INFO] [stdout] error[E0433]: failed to resolve: could not find `Event` in `glutin`
[INFO] [stdout]    --> src/main.rs:131:40
[INFO] [stdout]     |
[INFO] [stdout] 131 |                         glium::glutin::Event::Closed => return,
[INFO] [stdout]     |                                        ^^^^^ could not find `Event` in `glutin`
[INFO] [stdout] 
[INFO] [stdout] 
[INFO] [stdout] error[E0433]: failed to resolve: could not find `Event` in `glutin`
[INFO] [stdout]    --> src/main.rs:132:40
[INFO] [stdout]     |
[INFO] [stdout] 132 | ...   glium::glutin::Event::KeyboardInput(glium::glutin::ElementState::Released, _, Some(VirtualKeyCode::Escape)) => return,
[INFO] [stdout]     |                      ^^^^^ could not find `Event` in `glutin`
[INFO] [stdout] 
[INFO] [stdout] 
[INFO] [stdout] warning: use of deprecated macro `try`: use the `?` operator instead
[INFO] [stdout]    --> src/main.rs:178:19
[INFO] [stdout]     |
[INFO] [stdout] 178 |     let texture = try!(Texture1d::with_format(display, buffer,
[INFO] [stdout]     |                   ^^^
[INFO] [stdout] 
[INFO] [stdout] 
[INFO] [stdout] warning: use of deprecated macro `try`: use the `?` operator instead
[INFO] [stdout]    --> src/main.rs:205:13
[INFO] [stdout]     |
[INFO] [stdout] 205 |     let f = try!(std::fs::File::open(path).map_err(LoadError::Io));
[INFO] [stdout]     |             ^^^
[INFO] [stdout] 
[INFO] [stdout] 
[INFO] [stdout] warning: use of deprecated macro `try`: use the `?` operator instead
[INFO] [stdout]    --> src/main.rs:218:19
[INFO] [stdout]     |
[INFO] [stdout] 218 |     let texture = try!(glium::texture::DepthTexture1d::new(display, buffer)
[INFO] [stdout]     |                   ^^^
[INFO] [stdout] 
[INFO] [stdout] 
[INFO] [stdout] warning: use of deprecated macro `try`: use the `?` operator instead
[INFO] [stdout]    --> src/main.rs:240:13
[INFO] [stdout]     |
[INFO] [stdout] 240 |     let f = try!(std::fs::File::open(path).map_err(LoadError::Io));
[INFO] [stdout]     |             ^^^
[INFO] [stdout] 
[INFO] [stdout] 
[INFO] [stdout] warning: use of deprecated macro `try`: use the `?` operator instead
[INFO] [stdout]    --> src/main.rs:263:19
[INFO] [stdout]     |
[INFO] [stdout] 263 |     let texture = try!(glium::texture::DepthTexture2d::new(display, buffers)
[INFO] [stdout]     |                   ^^^
[INFO] [stdout] 
[INFO] [stdout] 
[INFO] [stdout] warning: use of deprecated macro `try`: use the `?` operator instead
[INFO] [stdout]    --> src/main.rs:285:13
[INFO] [stdout]     |
[INFO] [stdout] 285 |     let f = try!(std::fs::File::open(path).map_err(LoadError::Io));
[INFO] [stdout]     |             ^^^
[INFO] [stdout] 
[INFO] [stdout] 
[INFO] [stdout] warning: use of deprecated macro `try`: use the `?` operator instead
[INFO] [stdout]    --> src/main.rs:288:22
[INFO] [stdout]     |
[INFO] [stdout] 288 |     let bytes_read = try!(handle.read_to_end(&mut buffer).map_err(LoadError::Io));
[INFO] [stdout]     |                      ^^^
[INFO] [stdout] 
[INFO] [stdout] 
[INFO] [stdout] warning: use of deprecated macro `try`: use the `?` operator instead
[INFO] [stdout]    --> src/main.rs:299:19
[INFO] [stdout]     |
[INFO] [stdout] 299 |     let texture = try!(glium::texture::DepthTexture2d::with_format(display, buffers,
[INFO] [stdout]     |                   ^^^
[INFO] [stdout] 
[INFO] [stdout] 
[INFO] [stdout] warning: use of deprecated macro `try`: use the `?` operator instead
[INFO] [stdout]    --> src/main.rs:578:19
[INFO] [stdout]     |
[INFO] [stdout] 578 |     let texture = try!(glium::texture::Texture1d::new(display, buffer)
[INFO] [stdout]     |                   ^^^
[INFO] [stdout] 
[INFO] [stdout] 
[INFO] [stdout] error[E0433]: failed to resolve: could not find `ElementState` in `glutin`
[INFO] [stdout]    --> src/main.rs:132:76
[INFO] [stdout]     |
[INFO] [stdout] 132 | ...   glium::glutin::Event::KeyboardInput(glium::glutin::ElementState::Released, _, Some(VirtualKeyCode::Escape)) => return,
[INFO] [stdout]     |                                                          ^^^^^^^^^^^^ could not find `ElementState` in `glutin`
[INFO] [stdout] 
[INFO] [stdout] 
[INFO] [stdout] error[E0433]: failed to resolve: could not find `WindowBuilder` in `glutin`
[INFO] [stdout]   --> src/main.rs:46:42
[INFO] [stdout]    |
[INFO] [stdout] 46 |             let display = glium::glutin::WindowBuilder::new()
[INFO] [stdout]    |                                          ^^^^^^^^^^^^^ not found in `glium::glutin`
[INFO] [stdout]    |
[INFO] [stdout] help: consider importing this struct
[INFO] [stdout]    |
[INFO] [stdout] 7  | use glium::glutin::window::WindowBuilder;
[INFO] [stdout]    |
[INFO] [stdout] 
[INFO] [stdout] 
[INFO] [stdout] error[E0433]: failed to resolve: could not find `Event` in `glutin`
[INFO] [stdout]    --> examples/detail_2d.rs:102:40
[INFO] [stdout]     |
[INFO] [stdout] 102 |                         glium::glutin::Event::Closed => return,
[INFO] [stdout]     |                                        ^^^^^ could not find `Event` in `glutin`
[INFO] [stdout] 
[INFO] [stdout] 
[INFO] [stdout] warning: use of deprecated macro `try`: use the `?` operator instead
[INFO] [stdout]    --> src/main.rs:155:13
[INFO] [stdout]     |
[INFO] [stdout] 155 |     let f = try!(std::fs::File::open(path).map_err(LoadError::Io));
[INFO] [stdout]     |             ^^^
[INFO] [stdout]     |
[INFO] [stdout]     = note: `#[warn(deprecated)]` on by default
[INFO] [stdout] 
[INFO] [stdout] 
[INFO] [stdout] error[E0433]: failed to resolve: could not find `Event` in `glutin`
[INFO] [stdout]    --> examples/detail_2d.rs:103:40
[INFO] [stdout]     |
[INFO] [stdout] 103 | ...   glium::glutin::Event::KeyboardInput(glium::glutin::ElementState::Released, _, Some(VirtualKeyCode::Escape)) => return,
[INFO] [stdout]     |                      ^^^^^ could not find `Event` in `glutin`
[INFO] [stdout] 
[INFO] [stdout] 
[INFO] [stdout] error[E0433]: failed to resolve: could not find `ElementState` in `glutin`
[INFO] [stdout]    --> examples/detail_2d.rs:103:76
[INFO] [stdout]     |
[INFO] [stdout] 103 | ...   glium::glutin::Event::KeyboardInput(glium::glutin::ElementState::Released, _, Some(VirtualKeyCode::Escape)) => return,
[INFO] [stdout]     |                                                          ^^^^^^^^^^^^ could not find `ElementState` in `glutin`
[INFO] [stdout] 
[INFO] [stdout] 
[INFO] [stdout] warning: use of deprecated macro `try`: use the `?` operator instead
[INFO] [stdout]    --> src/main.rs:158:22
[INFO] [stdout]     |
[INFO] [stdout] 158 |     let bytes_read = try!(chunk.read_to_end(&mut buffer).map_err(LoadError::Io)) as u32;
[INFO] [stdout]     |                      ^^^
[INFO] [stdout] 
[INFO] [stdout] 
[INFO] [stdout] warning: use of deprecated macro `try`: use the `?` operator instead
[INFO] [stdout]    --> src/main.rs:178:19
[INFO] [stdout]     |
[INFO] [stdout] 178 |     let texture = try!(Texture1d::with_format(display, buffer,
[INFO] [stdout]     |                   ^^^
[INFO] [stdout] 
[INFO] [stdout] 
[INFO] [stdout] warning: use of deprecated macro `try`: use the `?` operator instead
[INFO] [stdout]    --> src/main.rs:205:13
[INFO] [stdout]     |
[INFO] [stdout] 205 |     let f = try!(std::fs::File::open(path).map_err(LoadError::Io));
[INFO] [stdout]     |             ^^^
[INFO] [stdout] 
[INFO] [stdout] 
[INFO] [stdout] warning: use of deprecated macro `try`: use the `?` operator instead
[INFO] [stdout]    --> src/main.rs:218:19
[INFO] [stdout]     |
[INFO] [stdout] 218 |     let texture = try!(glium::texture::DepthTexture1d::new(display, buffer)
[INFO] [stdout]     |                   ^^^
[INFO] [stdout] 
[INFO] [stdout] 
[INFO] [stdout] error[E0433]: failed to resolve: could not find `WindowBuilder` in `glutin`
[INFO] [stdout]   --> examples/detail_2d.rs:44:42
[INFO] [stdout]    |
[INFO] [stdout] 44 |             let display = glium::glutin::WindowBuilder::new()
[INFO] [stdout]    |                                          ^^^^^^^^^^^^^ not found in `glium::glutin`
[INFO] [stdout]    |
[INFO] [stdout] help: consider importing this struct
[INFO] [stdout]    |
[INFO] [stdout] 7  | use glium::glutin::window::WindowBuilder;
[INFO] [stdout]    |
[INFO] [stdout] 
[INFO] [stdout] 
[INFO] [stdout] warning: use of deprecated macro `try`: use the `?` operator instead
[INFO] [stdout]    --> src/main.rs:240:13
[INFO] [stdout]     |
[INFO] [stdout] 240 |     let f = try!(std::fs::File::open(path).map_err(LoadError::Io));
[INFO] [stdout]     |             ^^^
[INFO] [stdout] 
[INFO] [stdout] 
[INFO] [stdout] warning: use of deprecated macro `try`: use the `?` operator instead
[INFO] [stdout]    --> src/main.rs:263:19
[INFO] [stdout]     |
[INFO] [stdout] 263 |     let texture = try!(glium::texture::DepthTexture2d::new(display, buffers)
[INFO] [stdout]     |                   ^^^
[INFO] [stdout] 
[INFO] [stdout] 
[INFO] [stdout] warning: use of deprecated macro `try`: use the `?` operator instead
[INFO] [stdout]    --> src/main.rs:285:13
[INFO] [stdout]     |
[INFO] [stdout] 285 |     let f = try!(std::fs::File::open(path).map_err(LoadError::Io));
[INFO] [stdout]     |             ^^^
[INFO] [stdout] 
[INFO] [stdout] 
[INFO] [stdout] warning: use of deprecated macro `try`: use the `?` operator instead
[INFO] [stdout]    --> src/main.rs:288:22
[INFO] [stdout]     |
[INFO] [stdout] 288 |     let bytes_read = try!(handle.read_to_end(&mut buffer).map_err(LoadError::Io));
[INFO] [stdout]     |                      ^^^
[INFO] [stdout] 
[INFO] [stdout] 
[INFO] [stdout] warning: use of deprecated macro `try`: use the `?` operator instead
[INFO] [stdout]    --> src/main.rs:299:19
[INFO] [stdout]     |
[INFO] [stdout] 299 |     let texture = try!(glium::texture::DepthTexture2d::with_format(display, buffers,
[INFO] [stdout]     |                   ^^^
[INFO] [stdout] 
[INFO] [stdout] 
[INFO] [stdout] warning: use of deprecated macro `try`: use the `?` operator instead
[INFO] [stdout]    --> src/main.rs:578:19
[INFO] [stdout]     |
[INFO] [stdout] 578 |     let texture = try!(glium::texture::Texture1d::new(display, buffer)
[INFO] [stdout]     |                   ^^^
[INFO] [stdout] 
[INFO] [stdout] 
[INFO] [stdout] warning: use of deprecated macro `try`: use the `?` operator instead
[INFO] [stdout]    --> examples/detail_2d.rs:126:13
[INFO] [stdout]     |
[INFO] [stdout] 126 |     let f = try!(std::fs::File::open(path).map_err(LoadError::Io));
[INFO] [stdout]     |             ^^^
[INFO] [stdout]     |
[INFO] [stdout]     = note: `#[warn(deprecated)]` on by default
[INFO] [stdout] 
[INFO] [stdout] 
[INFO] [stdout] warning: use of deprecated macro `try`: use the `?` operator instead
[INFO] [stdout]    --> examples/detail_2d.rs:129:22
[INFO] [stdout]     |
[INFO] [stdout] 129 |     let bytes_read = try!(handle.read_to_end(&mut buffer).map_err(LoadError::Io));
[INFO] [stdout]     |                      ^^^
[INFO] [stdout] 
[INFO] [stdout] 
[INFO] [stdout] warning: use of deprecated macro `try`: use the `?` operator instead
[INFO] [stdout]    --> examples/detail_2d.rs:140:19
[INFO] [stdout]     |
[INFO] [stdout] 140 |     let texture = try!(glium::texture::DepthTexture2d::with_format(display, buffers,
[INFO] [stdout]     |                   ^^^
[INFO] [stdout] 
[INFO] [stdout] 
[INFO] [stdout] warning: use of deprecated macro `try`: use the `?` operator instead
[INFO] [stdout]    --> examples/detail_2d.rs:419:19
[INFO] [stdout]     |
[INFO] [stdout] 419 |     let texture = try!(glium::texture::Texture1d::new(display, buffer)
[INFO] [stdout]     |                   ^^^
[INFO] [stdout] 
[INFO] [stdout] 
[INFO] [stdout] warning: unused import: `Surface`
[INFO] [stdout]   --> examples/bw_2d.rs:37:31
[INFO] [stdout]    |
[INFO] [stdout] 37 |     use glium::{DisplayBuild, Surface};
[INFO] [stdout]    |                               ^^^^^^^
[INFO] [stdout]    |
[INFO] [stdout]    = note: `#[warn(unused_imports)]` on by default
[INFO] [stdout] 
[INFO] [stdout] 
[INFO] [stdout] error: aborting due to 6 previous errors; 4 warnings emitted
[INFO] [stdout] 
[INFO] [stdout] 
[INFO] [stdout] Some errors have detailed explanations: E0432, E0433.
[INFO] [stdout] 
[INFO] [stdout] For more information about an error, try `rustc --explain E0432`.
[INFO] [stdout] 
[INFO] [stderr] error: could not compile `minrs`.
[INFO] [stderr] 
[INFO] [stderr] To learn more, run the command again with --verbose.
[INFO] [stderr] warning: build failed, waiting for other jobs to finish...
[INFO] [stdout] warning: unused import: `Surface`
[INFO] [stdout]   --> examples/four_2d.rs:37:31
[INFO] [stdout]    |
[INFO] [stdout] 37 |     use glium::{DisplayBuild, Surface};
[INFO] [stdout]    |                               ^^^^^^^
[INFO] [stdout]    |
[INFO] [stdout]    = note: `#[warn(unused_imports)]` on by default
[INFO] [stdout] 
[INFO] [stdout] 
[INFO] [stdout] error: aborting due to 6 previous errors; 4 warnings emitted
[INFO] [stdout] 
[INFO] [stdout] 
[INFO] [stdout] Some errors have detailed explanations: E0432, E0433.
[INFO] [stdout] 
[INFO] [stdout] For more information about an error, try `rustc --explain E0432`.
[INFO] [stdout] 
[INFO] [stdout] warning: unused import: `Surface`
[INFO] [stdout]   --> src/main.rs:45:39
[INFO] [stdout]    |
[INFO] [stdout] 45 |             use glium::{DisplayBuild, Surface};
[INFO] [stdout]    |                                       ^^^^^^^
[INFO] [stdout]    |
[INFO] [stdout]    = note: `#[warn(unused_imports)]` on by default
[INFO] [stdout] 
[INFO] [stdout] 
[INFO] [stdout] error: aborting due to 6 previous errors; 12 warnings emitted
[INFO] [stdout] 
[INFO] [stdout] 
[INFO] [stdout] Some errors have detailed explanations: E0432, E0433.
[INFO] [stdout] 
[INFO] [stdout] For more information about an error, try `rustc --explain E0432`.
[INFO] [stdout] 
[INFO] [stdout] warning: unused import: `Surface`
[INFO] [stdout]   --> src/main.rs:45:39
[INFO] [stdout]    |
[INFO] [stdout] 45 |             use glium::{DisplayBuild, Surface};
[INFO] [stdout]    |                                       ^^^^^^^
[INFO] [stdout]    |
[INFO] [stdout]    = note: `#[warn(unused_imports)]` on by default
[INFO] [stdout] 
[INFO] [stdout] 
[INFO] [stdout] error: aborting due to 6 previous errors; 12 warnings emitted
[INFO] [stdout] 
[INFO] [stdout] 
[INFO] [stdout] Some errors have detailed explanations: E0432, E0433.
[INFO] [stdout] 
[INFO] [stdout] For more information about an error, try `rustc --explain E0432`.
[INFO] [stdout] 
[INFO] [stdout] warning: unused import: `Surface`
[INFO] [stdout]   --> examples/detail_2d.rs:43:39
[INFO] [stdout]    |
[INFO] [stdout] 43 |             use glium::{DisplayBuild, Surface};
[INFO] [stdout]    |                                       ^^^^^^^
[INFO] [stdout]    |
[INFO] [stdout]    = note: `#[warn(unused_imports)]` on by default
[INFO] [stdout] 
[INFO] [stdout] 
[INFO] [stdout] error: aborting due to 6 previous errors; 5 warnings emitted
[INFO] [stdout] 
[INFO] [stdout] 
[INFO] [stdout] Some errors have detailed explanations: E0432, E0433.
[INFO] [stdout] 
[INFO] [stdout] For more information about an error, try `rustc --explain E0432`.
[INFO] [stdout] 
[INFO] [stderr] error: build failed
[INFO] running `Command { std: "docker" "inspect" "214eb17d391a22ba8ca4ef1b8e83364fef049ffe4d75dc04fc986894efe23344", kill_on_drop: false }`
[INFO] running `Command { std: "docker" "rm" "-f" "214eb17d391a22ba8ca4ef1b8e83364fef049ffe4d75dc04fc986894efe23344", kill_on_drop: false }`
[INFO] [stdout] 214eb17d391a22ba8ca4ef1b8e83364fef049ffe4d75dc04fc986894efe23344
